 = 28742*q - 12. Let x(h) = 2*b(h) - 9*g(h). Is x(-1) a prime number?
True
Let x(q) = 2369*q**3 - 3*q**2 - 3*q - 6. Let b be x(3). Suppose 5*j - 3*n - 2*n - 63905 = 0, 5*j = -3*n + b. Is j a prime number?
False
Suppose -5*k - 2*q - 140 = 0, -7*k + 3*k + 4*q - 140 = 0. Let p be 4/k - (-214)/30. Let s(r) = r**2 + r - 5. Is s(p) a composite number?
True
Suppose -d = 4*s + 4223, 4*d + s + 16931 = -2*s. Let m(c) = -12*c**3 - 2*c**2 - 3*c - 4. Let p be m(-8). Let u = d + p. Is u prime?
True
Suppose -2*w + 5*s = -21326, 23*w - 26*w - 4*s + 32035 = 0. Is w a composite number?
True
Suppose -6*m + 70 = m. Let k be ((-4)/(-10))/((-14)/m)*-7. Suppose -1082 - 2720 = -k*a. Is a a prime number?
True
Let b(y) = y**2 + 11*y - 20. Let g be ((-63)/(-42))/(2/(-16)). Let l be b(g). Is (1 - (-6)/l)/((-7)/(-22316)) composite?
False
Suppose -4*q - 5*d + 21 = 0, q - 5 + 4 = 3*d. Suppose -2*h - 1706 = -q*h. Is h prime?
True
Let o = -30687 + 101294. Is o a composite number?
False
Let a = 69371 + -2394. Is a composite?
False
Let d = 308 + -269. Is (-5 - (-26429)/d) + 2/6 prime?
True
Let l = -34 - -36. Suppose -2852 = -l*t + 230. Is t composite?
True
Let l = -670 - -2715. Is l a composite number?
True
Suppose -3*t - 1327 = 2*i - 348, -5*i + 2*t - 2476 = 0. Let k = i + 984. Let n = k + -253. Is n composite?
True
Let g(i) = i**3 - 39*i**2 + 10*i - 39. Suppose 79*l = 53*l + 1196. Is g(l) composite?
False
Let d(o) = -o**3 + 5*o**2 - 4*o. Let q be d(3). Let p = 818 + -31. Is (q - (-4 - -8))*p/2 composite?
False
Suppose -f - 12 = -7*f. Let q(x) = 3377*x + 4. Let a be q(f). Suppose 3*v = -392 + a. Is v a composite number?
True
Let s be 592 + -1 + (-4 - -10). Suppose 23079 = 18*v + s. Is v prime?
True
Let h = -703 - -6992. Is h a composite number?
True
Let m = 59 - 25. Let a = -31 + m. Suppose 159 + 900 = a*z. Is z prime?
True
Let m(p) = -71*p**3 + 21*p**2 + 10*p + 28. Is m(-9) prime?
False
Let m be (-27)/36*(3 - -1). Let z be (-208)/(-39) + 1/m. Suppose -z*s + 213 = -142. Is s a prime number?
True
Let f(o) = 279*o**2 - 2*o + 8. Let l(k) = k**3 + 16*k**2 - 14*k - 6. Let y be l(-17). Let v = 60 + y. Is f(v) a prime number?
False
Let j(m) be the second derivative of 77*m**5/20 - 5*m**4/24 + 13*m**3/6 - 9*m. Let f(s) be the second derivative of j(s). Is f(3) composite?
False
Let y(q) = 3164*q + 165. Is y(4) a composite number?
False
Suppose -t - 20 = -6*t, -4*r - 292 = -2*t. Let h = r + 578. Let w = 766 - h. Is w composite?
True
Let n(i) = -2 - 159*i + 329*i + 273*i + 752*i + 206*i. Is n(1) a composite number?
False
Suppose 2457*q = 2390*q + 51685609. Is q a prime number?
True
Is (-15)/6 + 315063/42 a prime number?
True
Let a be 1/1 + -2*(-2)/4. Is 207 + a - (-5 + 3) a composite number?
False
Suppose -163912 - 362973 + 41331 = -34*q. Is q a prime number?
True
Let g(p) = 33*p. Let z be g(7). Let n = -128 + z. Is n a composite number?
False
Suppose 3397*s = 3382*s + 6916005. Is s a composite number?
True
Is (909 - -2)/(((-18)/(-3717))/((-4)/(-14))) prime?
False
Suppose 0 = 27878*y - 27894*y + 3152496. Is y a composite number?
True
Suppose -37*x = -30*x - 14. Is 4178 + x + (-4 - -7) a prime number?
False
Let m(j) = -j**3 + 19*j**2 + 21*j - 15. Let w be m(20). Is 1 + 4 - (w + -206) prime?
False
Suppose 2*h + 2*h - 1009092 = -2*m, 3*m = 3*h - 756855. Is h composite?
False
Let i = 3035 + -8204. Let s = i + 9778. Is s composite?
True
Is (-11)/((-33)/6)*(-386585)/(-10) a prime number?
True
Let i(p) = 51*p**2 - 4*p - 12. Let f be i(10). Let c = -2092 + f. Suppose 0*w + 2*w - c = 0. Is w prime?
False
Suppose 2*b = b - 20. Let m = 30 + b. Suppose 4*w = 5*j + 8131, -3*j = -j - m. Is w prime?
True
Let w = 110 - 108. Suppose 13*y - 10928 = 10*y - 5*f, -2*f - 7280 = -w*y. Is y a prime number?
False
Suppose -g - 7*n + 9 = -2*n, -3*g + 3*n + 81 = 0. Suppose 14*m = 6*m + g. Is -3 - ((-230 - -1) + m) composite?
False
Suppose -87 = -6*z + z - 3*i, -70 = -4*z - 2*i. Is 94340/z + 5 + 138/(-27) prime?
False
Suppose 61*t - 5631715 = 73188. Is t prime?
True
Suppose 3*j = -5*k + 257659, -4*j = -9*j - 14*k + 429477. Is j prime?
False
Let v = -1186 + 40. Is 1*v/18*-3 a composite number?
False
Let p(x) = -8*x**3 - 15*x**2 - 26*x + 2. Is p(-9) prime?
False
Suppose -58*h = -47*h - 21835. Is h prime?
False
Let u be (-6)/(-6)*0/(-3 - 0). Suppose 2*s - 707 = -u*n + 3*n, -3*s = 4*n - 1018. Is (-5 - -2)*s/(-3) prime?
False
Suppose 3*a - 7711 = -2*b + 33259, -68275 = -5*a - 5*b. Suppose -12200 = 5*f + a. Is (9 - f)*1*(-2)/(-6) prime?
False
Suppose 3*m + 55182 = -0*m + 3*g, m + 18394 = 3*g. Is (-11 - 96/(-9))*(1 + m) a composite number?
False
Is 22588*(1/8 - 90/(-144)) prime?
False
Let b = -149361 + 266035. Is b prime?
False
Let k = -553 + 558. Suppose -k*q = 14*q - 41857. Is q composite?
False
Let t(f) = 2752*f**2 - 160 - 469*f**2 + 79 + 76. Is t(-2) a prime number?
True
Suppose -3*j + 192 = -5*n, -5*n + 51 = j - 13. Suppose -8*y = 2*y - 50. Suppose j = y*i - 531. Is i a composite number?
True
Suppose 3*l - 2*r = 499241 + 65438, -2*l + 376456 = 2*r. Is l a composite number?
True
Suppose -6*y + 5*y = -14. Let s(p) = p**3 - 11*p**2 + 17*p + 1. Let l(t) = 5*t**3 - 56*t**2 + 86*t + 4. Let w(k) = -2*l(k) + 11*s(k). Is w(y) prime?
True
Suppose -5*a + 34609 = 4494. Let w = a - 2986. Is w a prime number?
True
Let v(k) = k**2 + 3*k - 14. Let s be v(-19). Suppose -2*x = -z - 6*x + s, 0 = 3*z + x - 826. Is z prime?
False
Suppose -4*a - 1920315 = -152*c + 149*c, -3*c - a = -1920285. Is c prime?
False
Is (-2 - 15/(-6)) + 517790/28 composite?
False
Let n = 4 - -1. Suppose -q = n*q - 3672. Suppose -2*f + 1199 = -5*g, -3*f + 5*g = -2*f - q. Is f composite?
False
Let b(c) = -845*c - 410. Let r be b(-23). Let o = 51258 - r. Is o a prime number?
True
Suppose 3025 + 305 = 18*j. Let p = 4854 + j. Is p a composite number?
False
Let m(v) = -36*v - 134. Let g be m(-14). Let q = g - -1053. Is q a prime number?
True
Suppose -5*r = 4*s - 9*s + 10, -5*r = 5*s + 40. Is (6041 + -3)/(s - -5) prime?
True
Suppose -11 = w - 4*h + 1, h = 2*w + 3. Suppose 0 = -3*p - 4*s + 7891, w = -11*s + 15*s + 8. Is p prime?
True
Let d = 435599 - 255186. Is d composite?
False
Let q(j) = 7*j**2 - 25*j + 5367. Is q(104) composite?
False
Let m be (-97)/(-8) + (-6)/48. Let i be ((-2)/(m/(-2589)))/((-3)/(-18)). Suppose 2*d - a - 2045 = i, 0 = -a. Is d composite?
True
Suppose -4*z + 2*s + 530036 = 0, -3*z = 20*s - 18*s - 397527. Is z prime?
False
Is ((-169)/(-507))/(2/838878) prime?
True
Let h be 2/22 + (-252)/(-132). Let t(l) = 602*l**2 - 29*l + 27. Let u(z) = -201*z**2 + 10*z - 9. Let w(i) = 3*t(i) + 8*u(i). Is w(h) prime?
True
Let n = -1695 - -3342. Let l = n + 315. Suppose 0 = -5*o + 2*i + 2459, 0*o + 4*o + i = l. Is o a composite number?
False
Let x = -179 + 184. Is x + 2/(-1) + 4406 + 0 prime?
True
Suppose 5*h - 378567 = -3*k, -2*h - 378609 = -8*k + 5*k. Is k a prime number?
True
Suppose 0 = -136*s + 93*s + 36278197. Is s composite?
False
Is 406690 - 3/(8 - (-177)/(-21)) prime?
True
Let x(r) = 12*r + 2 - 5*r - 2*r**3 + 5*r**2 - 5*r**3. Let k(u) = -u**3 + 3*u**2 + u - 8. Let w be k(3). Is x(w) a composite number?
False
Let t(q) = -129*q**2 - 16*q - 14. Let o be t(-4). Let j = o - -3551. Is j a composite number?
True
Let j(a) = -524*a + 5. Let z(b) = 261*b - 2. Let l(r) = 6*j(r) + 11*z(r). Is l(-5) a prime number?
True
Suppose 4*y - 24 = -4*y. Let c be 20882/y - 6/9. Suppose 4*k - 2*o - c = -4*o, -k - 2*o = -1743. Is k a prime number?
False
Suppose -21*m - 6 = -23*m. Suppose m*r = 14*r - 2321. Is r a prime number?
True
Let t be ((-1104)/(-30))/4 - (-4)/5. Suppose -26*p - t*p + 2952 = 0. Is p prime?
False
Let g(v) = -129*v - 141. Let j = 674 + -690. Is g(j) a composite number?
True
Let b(r) = 33*r**2 - 7*r - 9. Let z be b(5). Let q be 4 - (-7 + 1)*(z - 1). Let h = q - 803. Is h a composite number?
False
Let o be 37 - (-9 + 10)/(1/3). Suppose 0 = 5*l - 3*c - 107, 2*l + 2*c - c = o. Is l a prime number?
True
Suppose -4 = 3*o + 8, -l - o + 83457 = 0. Is l a prime number?
False
Suppose -2131550 = -2*l - 4*s, 0 = -579*l + 583*l + s - 4263079. Is l composite?
True
Let g(s) = -2079*s + 2356. Is g(-15) a composite number?
True
Suppose 0 = -5*a + 32 + 18. Suppose -8*r + a = -3*r. Suppose 5*o = -z + r*o + 2284, -4*z + 9122 = -2*o. Is z a composite number?
False
Let l = -277 -